number?
False
Is 3581921 a prime number?
False
Is 142271 a composite number?
False
Is 591359033 composite?
False
Is 510677 prime?
True
Is 461001637 composite?
False
Is 2375687 prime?
True
Is 12500581 a prime number?
True
Is 1786439 a prime number?
True
Is 766861 a prime number?
True
Is 48697549 prime?
True
Is 6507359 a composite number?
False
Is 177093121 a composite number?
False
Is 951127 composite?
True
Is 482093 a composite number?
False
Is 24084173 a prime number?
False
Is 41697163 composite?
False
Is 4140799 a prime number?
False
Is 6348326 prime?
False
Is 101466397 prime?
False
Is 55317 a composite number?
True
Is 8105803 composite?
True
Is 36940147 prime?
True
Is 4205143 a composite number?
False
Is 2381461 a composite number?
True
Is 1858807 prime?
True
Is 5987545 a composite number?
True
Is 3010657 a prime number?
False
Is 5027147 a composite number?
False
Is 9128573 a composite number?
True
Is 69202753 a prime number?
False
Is 104457 prime?
False
Is 626767 composite?
True
Is 15242633 a prime number?
False
Is 48035369 a composite number?
True
Is 14961217 a prime number?
True
Is 46521355 prime?
False
Is 906656057 a prime number?
True
Is 8374651 prime?
True
Is 726871 composite?
True
Is 6305333 composite?
False
Is 50199733 prime?
True
Is 45480647 prime?
False
Is 414986185 composite?
True
Is 29588639 composite?
False
Is 35566507 prime?
True
Is 5418911 prime?
False
Is 333253 a composite number?
False
Is 285390341 prime?
True
Is 12107483 composite?
False
Is 10216363 composite?
True
Is 144187 a composite number?
True
Is 40463603 prime?
False
Is 47092951 composite?
True
Is 582479341 a composite number?
False
Is 4189841 a prime number?
False
Is 892181 a prime number?
False
Is 32499677 prime?
False
Is 7331014 a composite number?
True
Is 320995121 prime?
True
Is 134197991 a prime number?
True
Is 730589 composite?
False
Is 58359401 prime?
False
Is 44803771 prime?
False
Is 807809 a composite number?
False
Is 696459 composite?
True
Is 1058867 a prime number?
False
Is 4567298 composite?
True
Is 1454747 a prime number?
False
Is 52644701 composite?
False
Is 2001185 a prime number?
False
Is 8091467 composite?
True
Is 2927681 a composite number?
False
Is 19720021 a composite number?
False
Is 6658547 a prime number?
False
Is 5787919 prime?
True
Is 1134821 a composite number?
False
Is 84800167 a prime number?
False
Is 1947783 composite?
True
Is 1197451 composite?
False
Is 819340997 composite?
False
Is 647504701 a composite number?
False
Is 992987 prime?
False
Is 1852417 a composite number?
True
Is 4770803 prime?
False
Is 5041537 composite?
True
Is 378615481 a prime number?
True
Is 1134687 a prime number?
False
Is 17900399 prime?
False
Is 267874207 a prime number?
True
Is 171055399 prime?
True
Is 51584719 prime?
True
Is 14125613 composite?
True
Is 286877 a prime number?
False
Is 95537051 a composite number?
False
Is 9128557 prime?
True
Is 16602857 a prime number?
False
Is 1266499 a composite number?
True
Is 25336387 prime?
True
Is 40343 prime?
True
Is 6271427 prime?
False
Is 12244693 prime?
False
Is 1200261243 prime?
False
Is 7128053 composite?
True
Is 1013432323 prime?
False
Is 2286241 composite?
True
Is 331571 a prime number?
False
Is 88945069 a prime number?
True
Is 127370479 a composite number?
True
Is 1036597 a prime number?
False
Is 915139 composite?
False
Is 12894073 composite?
True
Is 8535341 composite?
True
Is 142172669 a prime number?
True
Is 21408317 prime?
False
Is 198103331 prime?
False
Is 465781 composite?
False
Is 173781367 a composite number?
False
Is 2257507 a composite number?
True
Is 577030109 a composite number?
False
Is 16841219 prime?
False
Is 75177259 a prime number?
True
Is 30953321 a prime number?
False
Is 73442081 a composite number?
False
Is 3801427015 composite?
True
Is 47046193 a composite number?
False
Is 25453871 a prime number?
True
Is 64674287 prime?
False
Is 20817359 a composite number?
True
Is 22125353 a prime number?
False
Is 1296551 prime?
True
Is 25176571 a composite number?
True
Is 944751 a prime number?
False
Is 77700697 a composite number?
False
Is 32852611 a prime number?
False
Is 37001669 composite?
False
Is 64079299 a prime number?
False
Is 8381591 a prime number?
False
Is 29233793 a composite number?
True
Is 34917889 composite?
False
Is 15565357 a composite number?
False
Is 705737 a composite number?
False
Is 7072649 a prime number?
True
Is 9568717 prime?
False
Is 472531 prime?
False
Is 5676509 a prime number?
False
Is 406839431 a prime number?
True
Is 65618051 composite?
True
Is 1764949 a composite number?
False
Is 78469585 prime?
False
Is 15919817 a composite number?
False
Is 2992623 composite?
True
Is 647891 a composite number?
False
Is 79999223 prime?
True
Is 26079583 prime?
True
Is 4810441 composite?
False
Is 25521221 a prime number?
False
Is 16484089 a prime number?
True
Is 17741 a composite number?
True
Is 11065673 a composite number?
False
Is 75817081 prime?
True
Is 396235261 composite?
True
Is 38127503 a prime number?
True
Is 236956729 composite?
False
Is 2724989 a composite number?
False
Is 1314409 a prime number?
True
Is 10627861 a prime number?
False
Is 29800831 composite?
False
Is 31005973 a composite number?
False
Is 1478887 a composite number?
False
Is 22392283 a composite number?
False
Is 8741323 composite?
True
Is 252584679 prime?
False
Is 122356243 a prime number?
True
Is 317880691 prime?
True
Is 646241 prime?
False
Is 33539837 a composite number?
False
Is 198467585 a composite number?
True
Is 135451403 composite?
True
Is 5066905321 prime?
True
Is 56249615 a composite number?
True
Is 4334359 a prime number?
True
Is 6679553 a prime number?
True
Is 717631 prime?
True
Is 8049367 prime?
False
Is 12651161 prime?
True
Is 1057003 composite?
False
Is 439418741 a composite number?
True
Is 1500817 a composite number?
False
Is 23527457 composite?
True
Is 99536369 a composite number?
False
Is 7611619 composite?
True
Is 16564717 a composite number?
True
Is 10928389 a composite number?
True
Is 452292571 a prime number?
False
Is 110577471 composite?
True
Is 6901957 a prime number?
True
Is 57213577 composite?
False
Is 760951 a prime number?
True
Is 944329 a prime number?
True
Is 42031 a composite number?
True
Is 5632969 a composite number?
False
Is 29620933 prime?
True
Is 357303293 a composite number?
False
Is 1663099 a prime number?
True
Is 26484329 a prime number?
True
Is 314504413 a prime number?
False
Is 26507491 prime?
True
Is 81708801 a prime number?
False
Is 37780517 prime?
True
Is 4530937 a prime number?
True
Is 24112331 composite?
False
Is 2694761 a prime number?
False
Is 48869494 a prime number?
False
Is 28511591 prime?
True
Is 23411777 composite?
False
Is 1586207 prime?
False
Is 96942943 composite?
False
Is 68730901 prime?
True
Is 249091903 a composite number?
False
Is 285354131 composite?
False
Is 14240219 a composite number?
True
Is 21815837 a composite number?
False
Is 3104537 a composite number?
True
Is 1237757 a prime number?
True
Is 8938577 prime?
True
Is 13865729 prime?
True
Is 1387667 a prime number?
True
Is 78604391 prime?
False
Is 1464241 a composite number?
False
Is 12022631 prime?
False
Is 6078823 prime?
True
Is 247267 a prime number?
False
Is 5434321 a prime number?
True
Is 284851 composite?
True
Is 400643 a prime number?
True
Is 3687557 prime?
True
Is 4227023 composite?
False
Is 141401833 a composite number?
True
Is 5585759 composite?
False
Is 681391 a prime number?
False
Is 66881 a composite number?
True
Is 4234001 prime?
False
Is 2809309 prime?
True
Is 6671201 composite?
False
Is 50916421 a prime number?
True
Is 34313119 composite?
True
Is 24450089 a prime number?
True
Is 10545901 a composite number?
False
Is 74242943 prime?
True
Is 27362143 prime?
False
Is 37463297 prime?
False
Is 11075758 a prime number?
False
Is 12883397 a prime number?
True
Is 217025737 composite?
True
Is 9273038 a prime number?
False
Is 3757357 composite?
True
Is 90433157 prime?
True
Is 6557939 a composite number?
False
Is 777845 a prime number?
False
Is 8728997 a prime number?
False
Is 148987 composite?
True
Is 353269687 a composite number?
True
Is 335530873 composite?
True
Is 1677331 composite?
True
Is 815681435 a prime number?
False
Is 33004231 composite?
True
Is 20964629 prime?
False
Is 3754019965 a pr